ed by 1460?
31
Calculate the remainder when 253997 is divided by 316.
249
Calculate the remainder when 1565107 is divided by 2680.
2667
Calculate the remainder when 5888374 is divided by 841194.
16
Calculate the remainder when 2179732 is divided by 726576.
4
Calculate the remainder when 268674 is divided by 6246.
96
Calculate the remainder when 54749303 is divided by 22.
15
Calculate the remainder when 156197 is divided by 32.
5
Calculate the remainder when 471351 is divided by 42850.
1
What is the remainder when 9830 is divided by 1765?
1005
Calculate the remainder when 794799 is divided by 23358.
627
What is the remainder when 42135 is divided by 2873?
1913
Calculate the remainder when 126396063 is divided by 326.
321
Calculate the remainder when 828978 is divided by 6053.
5770
Calculate the remainder when 275571 is divided by 1048.
995
Calculate the remainder when 48266 is divided by 41689.
6577
What is the remainder when 4007165 is divided by 4606?
4551
Calculate the remainder when 133186 is divided by 130763.
2423
Calculate the remainder when 70551599 is divided by 1200.
1199
What is the remainder when 21879542 is divided by 1549?
1466
What is the remainder when 18510042 is divided by 4539?
0
Calculate the remainder when 38071047 is divided by 23.
21
What is the remainder when 2099319 is divided by 175?
19
Calculate the remainder when 4762666 is divided by 2986.
2982
Calculate the remainder when 13890 is divided by 2284.
186
Calculate the remainder when 891417 is divided by 444790.
1837
What is the remainder when 112846 is divided by 1063?
168
What is the remainder when 1895260 is divided by 189498?
280
What is the remainder when 208530 is divided by 384?
18
What is the remainder when 23487 is divided by 1160?
287
What is the remainder when 1309078 is divided by 6?
4
Calculate the remainder when 23428363 is divided by 101.
100
Calculate the remainder when 3835920 is divided by 508.
12
What is the remainder when 249965 is divided by 905?
185
Calculate the remainder when 141161 is divided by 6111.
608
Calculate the remainder when 149101983 is divided by 219.
213
What is the remainder when 921653 is divided by 122?
65
What is the remainder when 59687 is divided by 663?
17
What is the remainder when 146168 is divided by 41?
3
Calculate the remainder when 59993819 is divided by 902.
897
What is the remainder when 7189 is divided by 4126?
3063
Calculate the remainder when 9509774 is divided by 50316.
50
What is the remainder when 3706002 is divided by 27?
9
Calculate the remainder when 34723 is divided by 5770.
103
What is the remainder when 52036 is divided by 88?
28
What is the remainder when 1701997 is divided by 3842?
3833
What is the remainder when 4689212 is divided by 5609?
88
What is the remainder when 747291 is divided by 747255?
36
What is the remainder when 272387071 is divided by 3?
1
What is the remainder when 9180833 is divided by 170014?
77
What is the remainder when 3977139 is divided by 31?
25
What is the remainder when 3381690 is divided by 1008?
858
Calculate the remainder when 304292 is divided by 304280.
12
What is the remainder when 90190529 is divided by 54?
53
Calculate the remainder when 18055 is divided by 5310.
2125
Calculate the remainder when 56745542 is divided by 2437.
2434
What is the remainder when 35297647 is divided by 145?
7
Calculate the remainder when 69333 is divided by 272.
245
Calculate the remainder when 46043 is divided by 3040.
443
What is the remainder when 154904 is divided by 137?
94
What is the remainder when 434071 is divided by 864?
343
What is the remainder when 16790289 is divided by 8395139?
11
Calculate the remainder when 408629 is divided by 3178.
1845
Calculate the remainder when 1915817 is divided by 535.
517
Calculate the remainder when 1820186 is divided by 30.
26
Calculate the remainder when 93009645 is divided by 261263.
17
What is the remainder when 3041292861 is divided by 24?
21
Calculate the remainder when 21108309 is divided by 19.
12
What is the remainder when 239431 is divided by 6471?
4
What is the remainder when 15157563 is divided by 2526260?
3
What is the remainder when 1304726 is divided by 3262?
3188
Calculate the remainder when 61135 is divided by 2050.
1685
Calculate the remainder when 5413116 is divided by 409.
1
Calculate the remainder when 6980111 is divided by 4669.
4625
What is the remainder when 96347 is divided by 16047?
65
Calculate the remainder when 135939959 is divided by 279.
278
What is the remainder when 315569 is divided by 39432?
113
Calculate the remainder when 1071952 is divided by 581.
7
What is the remainder when 666338 is divided by 24679?
5
Calculate the remainder when 4341345 is divided by 2206.
2143
Calculate the remainder when 2684357 is divided by 511.
74
Calculate the remainder when 2174508 is divided by 12.
0
Calculate the remainder when 31111 is divided by 15069.
973
What is the remainder when 319006 is divided by 193?
170
Calculate the remainder when 53053 is divided by 51834.
1219
What is the remainder when 32798834 is divided by 338?
328
What is the remainder when 67763 is divided by 21743?
2534
What is the remainder when 870062 is divided by 123?
83
Calculate the remainder when 119029546 is divided by 5330.
5316
Calculate the remainder when 460902 is divided by 6223.
400
Calculate the remainder when 491812 is divided by 611.
568
What is the remainder when 5729182 is divided by 57?
55
Calculate the remainder when 8981365 is divided by 70.
15
What is the remainder when 156778774 is divided by 88?
86
What is the remainder when 15248508 is divided by 7624195?
118
What is the remainder when 11559740 is divided by 183?
179
Calculate the remainder when 1869718 is divided by 665.
403
What is the remainder when 464070 is divided by 463705?
365
Calculate the remainder when 218020 is divided by 203.
201
Calculate the remainder when 4267899 is divided by 49.
48
What is the remainder when 459380 is divided by 107?
29
What is the remainder when 664248 is divided by 64?
56
Calculate the remainder when 834128 is divided by 208513.
76
What is the remainder when 121987 is divided by 60954?
79
What is the remainder when 813945 is divided by 3191?
240
Calculate the remainder when 98913984 is divided by 238.
232
What is the remainder when 11368 is divided by 93?
22
Calculate the remainder when 198611 is divided by 39706.
81
What is the remainder when 128283694 is divided by 1656?
1654
What is the remainder when 396552 is divided by 79305?
27
Calculate the remainder when 1468847 is divided by 47382.
5
What is the remainder when 1203959 is divided by 1893?
11
What is the remainder when 11656 is divided by 1710?
1396
What is the remainder when 33053139 is divided by 7473?
60
Calculate the remainder when 398326 is divided by 197849.
2628
Calculate the remainder when 633011 is divided by 61.
14
Calculate the remainder when 14827599 is divided by 193.
181
Calculate the remainder when 216300 is divided by 415.
85
Calculate the remainder when 170512891 is divided by 6757.
6753
What is the remainder when 56610882 is divided by 976?
930
Calculate the remainder when 18413456 is divided by 2301682.
0
Calculate the remainder when 1279510 is divided by 2386.
614
Calculate the remainder when 11272661 is divided by 10881.
10826
What is the remainder when 3241000 is divided by 4155?
100
Calculate the remainder when 107667 is divided by 2297.
2005
Calculate the remainder when 2410511 is divided by 104803.
42
Calculate the remainder when 8203529 is divided by 72.
65
Calculate the remainder when 60356186 is divided by 162.
8
Calculate the remainder when 1733505 is divided by 1611.
69
What is the remainder when 4111498 is divided by 116?
110
What is the remainder when 1605956635 is divided by 6077?
6076
Calculate the remainder when 741945 is divided by 74129.
655
Calculate the remainder when 421784010 is divided by 210891997.
16
What is the remainder when 780425 is divided by 1141?
1122
What is the remainder when 1159455 is divided by 446?
301
Calculate the remainder when 401738 is divided by 349.
39
Calculate the remainder when 187985 is divided by 2533.
543
Calculate the remainder when 2426591 is divided by 808852.
35
Calculate the remainder when 17132667 is divided by 39